e 10, what is 1 + 101?
102
In base 12, what is 1a - -475?
493
In base 10, what is -5 + -36?
-41
In base 6, what is 0 + -111?
-111
In base 11, what is 3 - 384?
-381
In base 5, what is -11002 - -2?
-11000
In base 10, what is 155 + 9?
164
In base 8, what is 777 + 0?
777
In base 14, what is d - -7?
16
In base 8, what is 154 + -2?
152
In base 13, what is a + 172?
17c
In base 6, what is 0 + -1444?
-1444
In base 10, what is 7 - -42?
49
In base 13, what is 1 - 456?
-455
In base 15, what is -1 - 15?
-16
In base 5, what is -1134 + 12?
-1122
In base 14, what is -5c - 4?
-62
In base 9, what is -1 - 45?
-46
In base 15, what is 7 + 51?
58
In base 7, what is 0 - -40?
40
In base 3, what is -2101101 - -2?
-2101022
In base 2, what is -10 + 11101110?
11101100
In base 16, what is -f3 + -3?
-f6
In base 7, what is 15 - -535?
553
In base 12, what is 2 + -3813?
-3811
In base 9, what is 37 - -5?
43
In base 12, what is 14 + 58?
70
In base 7, what is -20 + 43?
23
In base 12, what is -5 - -1115?
1110
In base 5, what is 13 + -221?
-203
In base 14, what is -c + 140?
132
In base 7, what is 2 + 1265?
1300
In base 6, what is 2 + 331?
333
In base 16, what is -1a2 - 18?
-1ba
In base 8, what is -1 - 42?
-43
In base 13, what is -249 + 49?
-200
In base 11, what is -1 - -6a4?
6a3
In base 6, what is 2432 - 5?
2423
In base 3, what is -22100 + 11?
-22012
In base 6, what is 20 + 5315?
5335
In base 14, what is -221 + -3?
-224
In base 12, what is -3 - 48?
-4b
In base 10, what is -5 + 58?
53
In base 15, what is -35 + 68?
33
In base 3, what is -20 - 21202101?
-21202121
In base 9, what is 28 - 126?
-87
In base 10, what is -2434 + -4?
-2438
In base 2, what is 0 - 10101000?
-10101000
In base 9, what is 2 + 264?
266
In base 9, what is -730 + 2?
-727
In base 8, what is -3 + -220?
-223
In base 14, what is -7255 - 5?
-725a
In base 2, what is 1 - -1101?
1110
In base 5, what is -3 - 1000?
-1003
In base 2, what is 10 - -1011?
1101
In base 11, what is 78 + 7?
84
In base 3, what is -21111 - -12?
-21022
In base 7, what is -5 + 264?
256
In base 12, what is -64b + -5?
-654
In base 16, what is -7b - -8?
-73
In base 10, what is -87 + -38?
-125
In base 15, what is -a6b - -5?
-a66
In base 4, what is 11000 - -301?
11301
In base 5, what is -1 + 12111?
12110
In base 13, what is -829 - -3?
-826
In base 10, what is -77 + 3?
-74
In base 12, what is 1 + -595?
-594
In base 2, what is 11101000101011 + -1?
11101000101010
In base 6, what is -103 - -344?
241
In base 14, what is b7 - -1?
b8
In base 6, what is 4 - 334?
-330
In base 8, what is 6 + 101?
107
In base 2, what is 110 + 100010000?
100010110
In base 4, what is 11 - -23311?
23322
In base 7, what is -40 - 146?
-216
In base 12, what is -2bb2 - -3?
-2bab
In base 16, what is -e5e - -1?
-e5d
In base 5, what is -2221 - -31?
-2140
In base 4, what is -10 + 21033?
21023
In base 14, what is -2 + -46?
-48
In base 4, what is -1 - 20333?
-21000
In base 6, what is -1 - 240?
-241
In base 3, what is 111000021 - -10?
111000101
In base 3, what is -21 - -20101120?
20101022
In base 9, what is 48 + -20?
28
In base 5, what is 221 + -21?
200
In base 15, what is c + e7?
104
In base 6, what is 21110 + 3?
21113
In base 14, what is -71 + 7?
-68
In base 8, what is 0 - -446?
446
In base 4, what is 2030 + 1?
2031
In base 9, what is -570 + -2?
-572
In base 16, what is 16 + -8f?
-79
In base 7, what is 3 - 1162?
-1156
In base 4, what is -10 - -101101?
101031
In base 6, what is -5332 + -2?
-5334
In base 16, what is -ac0 - 4?
-ac4
In base 13, what is 9 + 103?
10c
In base 4, what is 101 + 21?
122
In base 4, what is 11 - 101111?
-101100
In base 12, what is -5 + -32?
-37
In base 9, what is 3 + -518?
-515
In base 7, what is 4 + -4411?
-4404
In base 2, what is -101 - 1010010?
-1010111
In base 5, what is -132401 - 1?
-132402
In base 5, what is -42 + 0?
-42
In base 8, what is -3 - -674?
671
In base 15, what is -23 - 7?
-2a
In base 15, what is -5d + -3?
-61
In base 2, what is 11 + 10010101?
10011000
In base 5, what is 242 + -1?
241
In base 16, what is -58 - -5?
-53
In base 8, what is -5 - -1443?
1436
In base 9, what is 84 - 1?
83
In base 13, what is 176 + -16?
160
In base 2, what is -10010 - -1000?
-1010
In base 16, what is -15 - 6?
-1b
In base 5, what is 110 + 0?
110
In base 16, what is 0 + 448?
448
In base 8, what is -23 + 35?
12
In base 15, what is 2 + 162?
164
In base 3, what is 2001022 - -12?
2001111
In base 8, what is -47 + -15?
-64
In base 4, what is -110 + 22200?
22030
In base 16, what is -4d9 - 6?
-4df
In base 16, what is -cb - 0?
-cb
In base 5, what is 0 + 110110?
110110
In base 9, what is -3 - 1636?
-1640
In base 16, what is -3 + -e?
-11
In base 6, what is -4 - 222?
-230
In base 16, what is 2 - 23?
-21
In base 7, what is -1 + -26?
-30
In base 8, what is 676 - 2?
674
In base 4, what is 3 - -121?
130
In base 14, what is 77 + 1?
78
In base 8, what is -64 + -5?
-71
In base 9, what is -3 + 114?
111
In base 15, what is 11ea + 1?
11eb
In base 15, what is 1 + -18?
-17
In base 10, what is 5 + 24?
29
In base 14, what is -28 + 5a?
32
In base 16, what is 2 + -55?
-53
In base 8, what is 1 + 4?
5
In base 16, what is 4 + -bb4?
-bb0
In base 13, what is -10 - 16?
-26
In base 12, what is -12 + -45?
-57
In base 8, what is 6 + -13?
-5
In base 8, what is 11 - 31?
-20
In base 14, what is 5 - 290?
-289
In base 14, what is -4 + 53?
4d
In base 4, what is -13131 + -1?
-13132
In base 14, what is -b - 11?
-1c
In base 4, what is 1212 - -3?
1221
In base 15, what is 7e8 + -5?
7e3
In base 11, what is -47 - 1?
-48
In base 12, what is 6b + -4?
67
In base 7, what is -1645 - -1?
-1644
In base 6, what is 515 - 3?
512
In base 7, what is -11 + -10366?
-10410
In base 12, what is -96 - -1?
-95
In base 6, what is 1212 + -10?
1202
In base 9, what is 335 + 5?
341
In base 10, what is -148 + 2?
-146
In base 7, what is -4 + 5225?
5221
In base 13, what is c + -555?
-546
In base 16, what is 20 + -49?
-29
In base 6, what is -1005 - -34?
-531
In base 13, what is -1a4 + 1?
-1a3
In base 4, what is -11 - -101?
30
In base 6, what is -122251 + 1?
-122250
In base 11, what is 2103 - a?
20a4
In base 9, what is 13 - -373?
386
In base 9, what is -5 - -253?
247
In base 9, what is -4167 + 4?
-4163
In base 16, what is -1 - -39?
38
In base 8, what is -17 - 47?
-66
In base 4, what is 110 + -11?
33
In base 6, what is 4 - -13112?
13120
In base 16, what is 212 - 6?
20c
In base 2, what is -1100101 + -11?
-1101000
In base 15, what is 1 - -9?
a
In base 3, what is -1 + 102?
101
In base 12, what is 70a9 - 4?
70a5
In base 16, what is 2 + 160f?
1611
In base 3, what is 1021 - 1001?
20
In base 13, what is 9b8 + -2?
9b6
In base 16, what is -26 - -3a?
14
In base 8, what is 6 - 30?
-22
In base 12, what is 4 + -8b?
-87
In base 8, what is 16175 - -5?
16202
In base 2, what is 10 - -111000?
111010
In base 9, what is -7161 - 1?
-7162
In base 2, what is -1011101101 + 10?
-1011101011
In base 4, what is -10 - -113130?
113120
In base 10, what is -1 + -30?
-31
In base 2, what is -1000110 + 11?
-1000011
In base 10, what is 17 - -79?
96
In base 12, what is 1 + -36?
-35
In base 4, what is 30 - -11?
101
In base 4, what is 21211 - 111?
21100
In base 2, what is -100 + -11111110?
-100000010
In base 16, what is -34 - 32?
-66
In base 4, what is -2110 - 22?
-2132
In base 11, what is -20 - -788?
768
In base 16, what is 4a - -2?
4c
In base 7, what is 106 - -20?
126
In base 9, what is 83 + 2?
85
In base 9, what is -2543 + -2?
-2545
In base 7, what is -5 + -141?
-146
In base 11, what is 4 + -120?
-117
In base 16, what is -1 + 12?
11
In base 11, what is -195 - -1?
-194
In base 10, what is 528 - -3?
531
In base 12, what is -127 + 4?
-123
In base 10, what is 109 + -3?
106
In base 6, what is -3330 + 5?
-3321
In base 11, what is -16 + -80?
-96
In base 8, what is -3046 - 3?
-3051
In base 11, what is -785 + -1?
-786
In base 10, what is 55 + 294?
349
In base 14, what is 13d - -3?
142
In base 7, what is 4 - 20311?
-20304
In base 6, what is 200543 + -2?
200541
In base 3, what is 10121 + 102?
11000
In base 15, what is 5 - -4?
9
In base 6, what is -24120 - 4?
-24124
In base 4, what is 221322 - -10?
221332
In base 12, what is -5 - -b30?
b27
In base 11, what is -4051 + 1?
-4050
In base 15, what is -9b + 5?
-96
In base 8, what is -121 - 247?
-370
In base 13, what is 38 - -3?
3b
In base 12, what is 1819 - 5?
